- 8129 = -o*n. Is n prime?
False
Suppose -54*d + 1392643 = 57*d - 5401334. Is d a composite number?
True
Is ((-1262)/10)/(128/(-640)) a composite number?
False
Suppose -5*q = -q + 2420. Let j = q + 873. Let h = 519 - j. Is h prime?
True
Suppose 0 = -i - 0*u + 3*u + 17, 5*i = -5*u + 25. Suppose 0 = -7*w + i*w - 5579. Suppose 5*l + 3*o - w = 0, 3*l - 3345 = -0*l - 3*o. Is l a composite number?
False
Suppose 53*p - 5218137 = 6607493 - 2557149. Is p a prime number?
True
Let f(k) = 41*k + 48*k + 20 - 86*k. Let t be f(-5). Suppose 49 = 5*j - 4*r - 42, -j + t*r + 35 = 0. Is j prime?
False
Let d be 1050 + (0 - (0 - -1)). Let o be (-104)/39*(-2 - 286). Let l = d + o. Is l prime?
False
Let c = 651 - 650. Let q(b) = 1358*b - 1. Is q(c) prime?
False
Is (-4)/11 - (12 + (-118789755)/231) composite?
False
Let f be 155/(-2)*((-14784)/(-20))/12. Let j = -1571 - f. Is j composite?
False
Let v = -201587 + 316571. Suppose -2*a + v = -11*a. Let u = a - -24627. Is u a prime number?
False
Suppose -49271 = 27*l + 18175. Let z = l + 4263. Is z composite?
True
Let x = 13464 - 7671. Is x prime?
False
Suppose 3*j - j = 0, 4*t + 2*j = 0. Suppose 0 = 50*z - 48*z - 4. Suppose t = -z*r + 1454 + 1344. Is r a prime number?
True
Suppose -14*m + 56487 + 1160701 = -391538. Is m composite?
True
Suppose -4*v + 12491 = 5*f, v + 3*f = 2*v - 3127. Suppose v = 14*a - 2742. Is a composite?
False
Suppose 42*i - 87125 = -p + 39*i, 0 = 7*p + 4*i - 609943. Is p composite?
True
Let m = -63599 + 158068. Is m composite?
True
Is 885147/(-2)*22/(-33) a composite number?
False
Let g be (-3)/(-1) - 9/3. Let o = -617 - -1032. Suppose 0 = -2*d - 8, g*l - 3*d + o = l. Is l a prime number?
False
Suppose 5*r - 17 = x - 3*x, -4*x - r = -43. Suppose 2*k = 10, 2*c - 3*k + x = -2*c. Is 1*(332 + c + -2) composite?
False
Suppose 3*y = 35 + 4. Suppose -3*h - 2*z = -6*z - y, -2 = -h - z. Suppose 2*u - 615 = -h*a - 0*u, -3*u = a - 212. Is a prime?
False
Let w(j) = -699*j + 814. Is w(-11) a composite number?
True
Let v(t) = 112347*t - 869. Is v(4) prime?
True
Is 1098758*((-198)/36 + 6) prime?
True
Suppose -354 = -55*v + 2011. Let k(g) = -g**3 + 48*g**2 - 98*g + 58. Is k(v) a prime number?
False
Let h(u) be the third derivative of -u**6/120 + 11*u**5/60 - u**4/8 + u**3/6 - 34*u**2. Let o be h(13). Let r = -117 - o. Is r prime?
False
Suppose -30 - 50 = -16*z. Let t(q) = 4207*q - 34. Is t(z) a composite number?
False
Let k = -75523 + 256842. Is k a composite number?
True
Let x(u) = -u**3 - 6*u**2 - 10*u - 5. Let b be x(-4). Suppose 5*v + 270 = -c + 6*c, -b*v + 4*c - 163 = 0. Let r = -38 - v. Is r composite?
True
Suppose 12451 = d + s, -5*d + 5*s + 51094 + 11121 = 0. Suppose -4*t + 3*l = -10018 - d, 3*t - 16854 = -3*l. Is t prime?
False
Let q(u) = 321*u - 1. Let g = 0 + 3. Suppose 0 = -r - 4*o + 22, -5*o = -2*r + g - 24. Is q(r) a prime number?
True
Suppose -5*v + a + 4*a = 25, 0 = -3*v - 2*a. Let o(w) = 2067*w**2 + 32*w + 59. Is o(v) composite?
False
Let t(i) = -i**2 + i + 608. Let r be t(0). Let l(v) = -13*v**2 + 18*v - 38. Let f be l(5). Let o = f + r. Is o a composite number?
True
Let p(f) = 3093*f + 10. Let g be p(3). Suppose -g = -10*q + 1301. Is q prime?
False
Let m(x) = 3*x + 6*x**2 + x**2 - 127*x**3 - 8*x**2 + 6 + 4*x. Is m(-5) composite?
True
Let o = -175 - -166. Is o/(27/(-5280)) - (-4 + 7) composite?
True
Suppose -4*y - 19 = -3*h + 2115, -5*h = 3*y - 3547. Suppose -2*v = -884 - h. Is v composite?
False
Let n(z) = -17*z**3 + z**2 + 106*z - 9. Is n(-13) prime?
True
Let j be 92/(-12) - -7 - (-14014)/6. Let a be j/5 - 1/((-1)/3). Suppose -l - 133 + a = 0. Is l composite?
False
Let r(l) be the first derivative of l**4/4 - 2*l**3/3 - l**2 + 2*l + 1. Suppose 57*p - 78 = 44*p. Is r(p) a composite number?
True
Suppose -6*g + 4*g = -5*y + 26, -y = -4. Is (-324504)/(-108)*g/(-2) composite?
False
Suppose 5*f - 90431 = 213914. Is f prime?
True
Let n(j) = 400*j + 333. Is n(6) a composite number?
True
Suppose -p = 2*t + t + 267, -1302 = 5*p + 4*t. Let o = 4819 + p. Is o a prime number?
True
Let w be 12*((-344)/96 + 4). Let d = -98 - -310. Suppose f + d = w*f. Is f prime?
True
Suppose -3*p - 5*l - 127852 = 0, 4*p + 170480 = -l - 3*l. Let z = -25405 - p. Is z a prime number?
False
Suppose w - 846 = -3*n, 3*n - w = n + 569. Let l = n + 8496. Is l composite?
False
Suppose 7*c + 12 = 3*c - 4*x, 3*x = -9. Suppose 0*y - 2*y + 2532 = c. Suppose -8*t + 14486 + y = 0. Is t composite?
True
Suppose 32*b = 40*b - 35120. Suppose -g + b = -f, -2 = -4*f + 2. Is g composite?
False
Let s(k) = 6*k**3 - k**2 - 2*k - 12. Suppose 2*j - 29 = -5*m, 4*j = 4*m - m - 7. Is s(m) prime?
False
Is (4 + (-69)/15)/(15/(-2142275)) prime?
True
Is 97993 + 3 + -9 - (0 - 0)/(-4) a prime number?
True
Suppose -4*m = -2*y - 3878, 0 = 2*y + 12*m - 7*m + 3923. Is (4/6*y)/((-12)/18) prime?
True
Let d = -30 - -29. Let s be 6/6*(-3)/d. Suppose 2*i = -2*h + 1074, s*i + 1054 = h + h. Is h composite?
True
Suppose 642717 = 20*z - 65663. Is z composite?
False
Suppose -17*n - 1308829 = 756586. Let g = -60894 - n. Is g prime?
True
Suppose -2*t = -3*o - 6, -4*t - t + o = -2. Let s = 2397 + -1690. Suppose -s = -f - t*f. Is f a prime number?
False
Suppose 4*r = -g + 5823, -3*r - 19320 - 9703 = -5*g. Suppose g - 81 = 7*f. Is f a prime number?
False
Is 24720 + (-14 - -9) - 12/2 a prime number?
True
Is 2/2*(354 + 76049) prime?
True
Let z(g) = -g**3 - 22*g**2 - 27*g - 79. Let h be ((-5 - -1) + -6)*14/5. Is z(h) composite?
False
Suppose 5*q + 4*b - 51 = 0, 3*q - q - 4*b + 2 = 0. Suppose -q*l + 38*l = 49507. Is l a prime number?
True
Suppose 5*x + 5*h + 688 = 3153, -h + 1 = 0. Suppose -82254 = -498*c + x*c. Is c composite?
False
Let o = 105689 + -4487. Suppose -18*w + o = 4254. Is w a composite number?
True
Let f(o) = 31*o + 747. Let k be f(-24). Let m be (4/(-5))/((-3)/107685). Suppose 9*r - m = -k*r. Is r a composite number?
False
Let t = 177589 + -26936. Is t prime?
False
Suppose -2*f = -6*r + r + 2229939, -9*r = -3*f - 4013889. Is r a prime number?
False
Suppose -2*p + 5*o - 27 = 0, -2*p - 5*o = -o. Let l(y) be the third derivative of -11*y**4/6 - 5*y**3/6 + 2*y**2. Is l(p) a composite number?
True
Let y = -12054 + 69649. Is y composite?
True
Suppose -6*y + 18 = -9*y, y + 1822705 = g. Is g a prime number?
False
Suppose -14*d + 24 = -11*d. Let h(s) = 4*s**3 - 3*s**2 - 9*s + 17. Is h(d) a prime number?
True
Let x = -138 + 97. Let n = x - -41. Suppose -10*v + 3*v + 2863 = n. Is v prime?
True
Suppose -2*u + 72 - 234 = 0. Let s = u + 160. Is s composite?
False
Let a(n) = 67*n**2 + 24*n - 111. Suppose -4*v + 5*z = -26, -14 = -3*v - 28*z + 29*z. Is a(v) a composite number?
True
Suppose 5*z = 3*y - 143 + 536, -5*y + 151 = 2*z. Let g = z - -15. Is g prime?
False
Suppose 0 = -17*g + 18*g. Suppose g = -5*i - 25, -4*r = 9*i - 8*i - 1559. Is r a composite number?
True
Suppose 5*b - i - 2046 = 0, -2*i - 21 = -19. Suppose -5*m = 2*o - 822 - b, 4*m = -4*o + 2456. Is o prime?
True
Let q(f) = -2*f**3 - 16*f**2 + 4. Suppose -3*t = m - 8*t - 17, 5*m - 2*t = -30. Let j be q(m). Is j + (108/24)/(1/186) a prime number?
False
Suppose -14454 = -3*k - 3*z + 12903, 9115 = k - z. Suppose -52*c - 2*o = -51*c - k, 3*o - 3 = 0. Is c composite?
True
Is (-3)/12 - (-30437400)/224 prime?
False
Suppose -3*d = 5*d - 600. Let g = d + -45. Suppose g = z - 97. Is z a prime number?
True
Let x(u) = 7*u**3 - 3*u**2 + 2*u. Let g be x(3). Let p = -3407 - -3628. Let n = g + p. Is n prime?
True
Suppose 0 = -o + 33*o - 160. Suppose -490 = 2*w - h - 3912, -5*h = -o*w + 8565. Is w a composite number?
False
Let j be (18/4)/(3/26). Is (36 - j)*(-7978)/6 prime?
True
Let s(a) = 5*a**2 + 11*a - 14 + 2*a**2 - 5*a**3 + 33. Let t = 765 - 773. Is s(t) a composite number?
False
Suppose 0 = -5*c + d + 2052990, 0 = 54*c - 58*c - 2*d + 1642406. Is c a prime number?
False
Suppose -3*w = -3, w = -3*r - 2489 - 780. Let l = r + 2199. Is l a composite number?
False
Let u be 2/6*-62*18. Let g = -6 - u. Let c = g + -155. Is c prime?
True
Is 1320315/93 - (-7)/(-651)*-6 a composite number?
False
Let c(o) = -o**2 - 13*o - 21. Let t be c(-11). Let n be t*(4/8 + (-3)/2). Is 159 - (-7 - (-2 + n)) prime?
True
Let t be ((-87)/(-6)*-2)/1. Let u(c) = 3*c**2 - 3*c + 109. Is u(t) prime?
True
Is 439/(13 - 2086/161) prime?
False
Let w(h) = -275*h**3 + 8